 Is s a prime number?
False
Let h(l) = -9*l + 7. Let x be h(4). Let j = 64 + x. Is j prime?
False
Let x = 1711 + -1121. Suppose -2 = 2*l, -l = -5*c + x + 1276. Is c a prime number?
True
Let n(m) = 2*m + 35. Let b be n(-15). Suppose -5*h = 25, 84 = -2*i + 3*i + b*h. Is i a composite number?
False
Let b = 181 + -56. Let s = b - 48. Is s composite?
True
Suppose 41789 - 13823 = 6*g. Is g composite?
True
Let c(a) = -5*a - 9 + 6*a**2 + a**2 + 9*a**2 + 0. Is c(-4) a composite number?
True
Let t = -213750 - -390035. Is t prime?
False
Is ((-26409)/(-15))/(-3 + 64/20) a prime number?
True
Let g be -472 + ((-3)/12 - (-54)/24). Is (-1017)/(-8) - (g/80 - -6) a prime number?
True
Let n be ((-3)/(-4))/(1/4). Suppose -2*q - n*q = -15. Suppose -2*h - p = -220, -p + 111 = -q*h + 436. Is h a prime number?
True
Suppose 3*w - 171408 = -4*l - 65201, -3*l = -w - 79652. Is l a composite number?
True
Suppose 0 = -5*u - 17 + 87. Is (68/u)/(4/28) a composite number?
True
Suppose -5*y + 5 = -0*y. Let t be -17 + (-1 - (y + -4)). Is (-1345)/(-3) + (-10)/t a composite number?
False
Suppose 12*h = 7*h + 12295. Is h prime?
True
Let d be 734/(-10) + 16/40. Let b = -27 - d. Let k = 0 + b. Is k a prime number?
False
Suppose -10*w + 11*w = s + 320, 3*s - 1287 = -4*w. Is w a composite number?
True
Suppose 6*t + 4*w + 36 = 2*t, -45 = 5*t - w. Let q(x) = 2*x + 2. Let g be q(t). Let h = g + 31. Is h composite?
True
Suppose -2*f - 4 = 0, 1 = -2*y + f + 11. Suppose -2*d - 2 = -5*v - y, 0 = -2*v - d - 8. Is ((-10)/(-20))/(v/(-76)) a composite number?
False
Suppose 0 = -4*h - 4*u + 904, 4*u - 456 = -3*h + h. Let l = h - 37. Is l a prime number?
False
Suppose -5*w = -6*w + 48. Suppose -43*v - 8285 = -w*v. Is v a prime number?
True
Let l be 3 + -3 + -1 + 1. Let b = 0 + l. Suppose -i - 26 + 79 = b. Is i prime?
True
Let o(u) = u**3 - 15*u**2 - 8*u + 5. Suppose 0 = 5*p - 65 - 20. Is o(p) a prime number?
False
Let t(a) be the third derivative of a**5/60 - 5*a**4/24 + a**3/6 - a**2. Let g(j) = -j**3 - 29*j**2 + j + 40. Let b be g(-29). Is t(b) prime?
True
Suppose -5 - 11 = -4*l. Suppose -2*g - 5 = l*j - 13, 5*j - 5*g - 40 = 0. Suppose 3*p - 46 = p - 2*q, 0 = -j*q. Is p a prime number?
True
Let i = 4379 + 230. Is i a prime number?
False
Suppose -2*s = 5*c - 2 - 71, 4*c - 32 = 5*s. Suppose -c*a + 8290 = -3*a. Is a a prime number?
True
Let l(w) = w**2 - 9*w - 10. Let c be l(10). Suppose -3*q + c = -2*y + 2, 0 = -2*y + 4*q. Suppose -y*b + 452 = -32. Is b a composite number?
True
Let r be (-4)/26 - (-1134)/273. Suppose 4*i - i - 3 = 0, r*i - 2293 = -3*u. Is u prime?
False
Suppose 5*d + 0*d = -2*x + 19, -2*x - 5 = -3*d. Let t(j) = 4*j**2 + 4*j. Let q(m) = 8*m**2 + 8*m + 1. Let p(o) = -2*q(o) + 5*t(o). Is p(d) a composite number?
True
Let l = 4 - -32. Suppose -38*c = -l*c - 2422. Is c composite?
True
Let m = 33 + -25. Is 1 - -1223 - 8/m prime?
True
Let z be (-2)/8*-4*4. Suppose -z*x + 3*x = -3. Suppose 1926 = x*b + 267. Is b prime?
False
Let g = -68 + 36. Is g/64*(-1227 + 1) composite?
False
Suppose 116*d + 3*g + 627648 = 121*d, g = 4*d - 502117. Is d a composite number?
True
Let i = -8 + 11. Suppose -3*j = 9, -i*j = -3*f - f + 197. Let t = f + -28. Is t prime?
True
Suppose -c = -13958 + 309. Is c a composite number?
False
Suppose 2*r - 5*j = 60045, 175940 = 4*r + 5*j + 55775. Is r a composite number?
True
Suppose x + 11 = 3*f, -2*x + 4*x + 10 = 2*f. Let y be (-1)/(2/x) - 214. Let k = 470 + y. Is k a prime number?
True
Suppose 3*j = -5*h + 4*h + 3375, 0 = -3*h. Let d = -356 + j. Is d prime?
True
Let s be (-1)/(-2)*(5 + -3). Is -3 - ((-56)/1 - -2)*s a prime number?
False
Let g(d) = 6*d**2 - 3*d + 3. Let a = 19 + -16. Let j(k) = 7*k**2 - 3*k + 4. Let y(i) = a*g(i) - 2*j(i). Is y(4) composite?
False
Suppose 0 = -2*k + 10, 2*y = -k + 23 - 10. Suppose -5*o + 75 + 43 = -4*s, y*o - 92 = 4*s. Is o composite?
True
Let k = -9268 + 15815. Is k prime?
True
Suppose -2*i - 5*r = -2*r - 18, 0 = 2*i + 5*r - 26. Let c be 80/15 - 1/i. Suppose c*t + 4*j - 643 = 0, t - 83 = 3*j + 38. Is t a prime number?
True
Let w = -40 - -38. Is (0 - (w - -1))*739 prime?
True
Suppose o + 318 = 2*q - 4564, 4*o = 2*q - 4888. Suppose z + 4 = -0*z, -4*a = z - q. Is a a prime number?
False
Suppose 4*i = -4*t + 24, t - 4*t - 5*i = -24. Let r(c) = -6*c + 90. Let j be r(16). Is (-10)/j*t*131 a prime number?
False
Suppose 3*w = 2*u + 12617, 4*w = 5*w + 4*u - 4215. Is w composite?
True
Let a be 6/(-24) - 285/12. Let i = a + 25. Is 14/i*435/30 a prime number?
False
Let a(m) = 31*m**3 + 8*m**2 + 23*m - 175. Is a(6) a composite number?
False
Let v = -14 + 7. Let n be 145/v + 8/(-28). Is (-1863)/n - 2/(-7) a composite number?
False
Let t be ((-88)/33)/((-4)/6). Suppose t*i + 712 = 12*i. Is i prime?
True
Let n be -675 + (0 - -1) + -1. Suppose 2*m - 20 = f - 5*f, -3*f + 9 = 0. Is -1*((-8)/m + n) composite?
False
Let i = -18 - -9. Let h = i + 14. Is (6 - h)/(2/178) a composite number?
False
Let f(l) be the first derivative of 37*l**2/2 + l + 8. Is f(4) prime?
True
Suppose 11*g - 13*g = -6038. Is g prime?
True
Suppose 4*r = -8, 16*v - 27795 = 13*v + 3*r. Is v composite?
True
Suppose -5*v - c = 2*c + 160, -c = 3*v + 92. Suppose 7*i = 6*i + 240. Let t = i + v. Is t a composite number?
False
Let h be 4 + 1 + (1 - 2). Suppose -5*y - 2*q = -45, 3*q - 17 - 28 = -5*y. Suppose 0 = h*d - y*d + 595. Is d a composite number?
True
Suppose 18694 = -0*i + 2*i - j, 5*i = -3*j + 46724. Is i a prime number?
False
Let i(p) = 1. Let u(t) = 71*t - 3. Let d(m) = -6*i(m) - 2*u(m). Let g be d(1). Let j = -89 - g. Is j prime?
True
Let v = -9967 + 19094. Is v composite?
False
Is -1*((-8 - 2) + 3) + 28888 prime?
False
Let z = 16 - 10. Suppose -o + z = o. Suppose -4*k + 584 = o*i, 5*i - 2*i = -k + 155. Is k prime?
False
Let s = -80 + 530. Suppose -s = 6*w - 4524. Is w prime?
False
Suppose -84*h + 9249459 = 57*h. Is h a prime number?
True
Let c = 51 + -19. Let n = c - 110. Is 2/2 - 5*n a composite number?
True
Let k(q) = -2*q**2 + 4*q + 0*q + 19 + q + 4*q**2. Is k(10) prime?
True
Let l be (1/(-3))/((-2)/6). Let h be (177 - -3) + (l - 2). Let n = -52 + h. Is n composite?
False
Let y(c) = -c**3 - 5*c**2 + 3*c - 4. Let h be y(-5). Suppose -6910 = -3*i - 21559. Is (2/2)/(h/i) a composite number?
False
Suppose -5*h + 4 = -4*h. Suppose -2*j + h*j - 4 = 0. Suppose 0 = -5*g + u + 150, j*g = -9*u + 4*u + 87. Is g prime?
True
Suppose 0*a + 20 = 4*a. Suppose 4*m - 1452 = a*g + 580, 0 = -2*m - 4*g + 990. Is m a prime number?
True
Let q(p) = -p**2 + 6*p - 2. Let a be q(6). Let c be (-92)/(-8)*(-4)/a. Let l = 388 - c. Is l composite?
True
Let y(o) = 1254*o**2 - 4*o + 9. Is y(-4) a composite number?
False
Suppose 0 = -3*p + 10505 + 24028. Suppose 2869 = x - 2*j, j + p = 2*x + 2*x. Is x prime?
True
Suppose -29 = y - 4*d, -5*y + 0 = -3*d + 60. Let r be 6*(132/y)/1. Let o = 245 + r. Is o prime?
True
Let v(f) = -5 + 2 + 2 + 77*f. Is v(4) composite?
False
Let l(p) = 18*p**3 + 8*p**2 + 15*p. Let s be ((2 - 3) + 2)*7. Is l(s) composite?
True
Let i = 47 - 50. Let h(u) = -19*u**3 - 5*u**2 - 4*u - 1. Is h(i) a prime number?
True
Let j = -42365 - -73846. Is j prime?
True
Let l(p) = p**3 + p**2 - 7*p - 2. Let h = -39 + 25. Let x = h + 19. Is l(x) a composite number?
False
Let b be 8/(-10) + (-507)/(-65). Suppose -9*l + 382 = -b*l. Is l a prime number?
True
Let o(q) = 359*q**3 + 3*q**2 + q - 7. Is o(2) prime?
True
Suppose -4*h + 41 - 33 = 0. Suppose 0 = -5*t + h*t + 609. Is t a prime number?
False
Suppose z + 5 + 1 = 5*q, -4*z - 24 = 4*q. Let l = 8 + z. Is (-27504)/(-56) + l/(-14) prime?
True
Suppose 69 = 3*z - 90. Is z a composite number?
False
Suppose -p + 108381 = 12*d - 7*d, 3*d = -3*p + 65019. Is d composite?
True
Let v(q) = -1109*q - 3. Let o be v(-3). Let d = o - 619. Is d a prime number?
False
Let u(o) = -49*o + 4. Let a(k) = -24*k + 2. Let q(m) = 7*a(m) - 3*u(m). Let s = -37 + 30. Is q(s) a prime number?
True
Suppose 5 = 3*s - 16. Suppose -s*g = -3*g. Suppose 0 = 3*d - g*d - 21. Is d a prime number?
True
Let w be 1 - (-2)/((-8)/(-106100)). Suppose x = -2*x + w. Is x/18 - 14/63 prime?
True
Let s = 17427 - 12382. Is s prime?
False
Let t(n) = -6*n - 2. Let x be t(-1). Let d be (0 + 82)*x/(-8). Let f = 228 + d. Is f a prime number?
False
Let j = -2 - -99. Suppose -4*r - r + 3485 = 0. Suppose -4*z =